 b. Calculate the greatest common factor of 2 and l.
2
Let w = -106 - -94. Let u be (w/9 + 2)*9/2. What is the greatest common divisor of u and 21?
3
Let r(o) = 2*o**2 - 8*o + 2. Let g be r(0). Calculate the highest common factor of 34 and g.
2
Let f be (-3)/(-7 + 10)*(1 - 4). Suppose 5*p + 0 = 2*o - 2, -21 = -f*o + 3*p. Calculate the greatest common divisor of 11 and o.
11
Let y be 6/14 + (-30)/21. Let o be (2 - y)/((-9)/(-60)). Calculate the highest common divisor of 10 and o.
10
Suppose -5*g - r = -5, 5*g = 5*r - 1 + 6. Calculate the greatest common factor of g and 19.
1
Let b be (-23)/(-2) - 4/(-8). Suppose -8*u + 96 = -7*u. Calculate the greatest common factor of b and u.
12
Let f(n) = 96*n - 386. Let d be f(15). What is the greatest common factor of 124 and d?
62
Let n = 1120 + -760. What is the highest common divisor of n and 27?
9
Let m be (6 - -1 - 2)/1. Suppose 2*b + 6 = 4*q, 0 = 4*q - m - 11. Suppose -2*j = 2*w - 12, -w - w - b*j = -27. Calculate the greatest common factor of w and 11.
1
Let m = -1260 - -1636. Calculate the greatest common factor of m and 47.
47
Let z(i) be the second derivative of i**4/12 - i**3 - 33*i**2/2 - 9*i. Let a be z(10). What is the highest common factor of 35 and a?
7
Let q = -131 + 145. Let h = -136 - -192. What is the greatest common factor of h and q?
14
Let q(y) = -y**2 + 9*y + 1. Let v be q(7). Let b be (-49)/(-5) + (-8)/(-40). Calculate the highest common divisor of v and b.
5
Let q(u) = -39*u - 208. Let r be q(-6). What is the greatest common factor of 2 and r?
2
Let a = 559 - 287. Calculate the greatest common divisor of a and 204.
68
Let o(n) = -n**2 - 15*n + 7. Let j be o(-10). What is the highest common divisor of j and 1121?
19
Suppose -6 = -2*g, 5*c = -27*g + 30*g + 466. What is the greatest common factor of c and 57?
19
Let x(r) = -4 + 4 + 2*r**2 + 8*r**2 + 2*r. Let l be x(1). Suppose 3*o = 17 - 8. What is the greatest common factor of l and o?
3
Let l(v) = -v**3 - 5*v**2 - 6*v. Let n be l(-4). Suppose -n*p + 180 = -4*p. Calculate the highest common divisor of 5 and p.
5
Let n = -38 + 114. Let l = -48 + n. What is the highest common divisor of 224 and l?
28
Let t = 8 - 6. Suppose q = -3*x + 5*q - 14, x + t*q = 12. Suppose -x*f + 3 = -21. What is the highest common divisor of 96 and f?
12
Let o = 57 - 45. Let j be (-5 - 29/(-4))*608/6. Calculate the highest common divisor of j and o.
12
Let p = -255 - -273. Suppose -2*v + 75 = -2*k + 21, -2*k - 135 = -5*v. What is the highest common factor of p and v?
9
Let m(l) = -l**3 - 2*l**2 + 2*l - 3. Let n be m(-4). Let w be (-2 + -5 + 4)/1 + 24. Calculate the greatest common factor of n and w.
21
Suppose 0*h = 5*h - 10. Suppose -y + h - 1 = 0. Let p = 6 - y. Calculate the greatest common factor of 35 and p.
5
Let q = 39 - 27. Suppose -5*c = -2*l - 1137, -5*l = 2*c - 2*l - 470. Let z = -97 + c. Calculate the highest common divisor of z and q.
12
Let r(f) = f**3 - 5*f**2 + 3*f - 10. Let y be 3 + -4 + 6/3. Suppose 2*a + y - 11 = 0. Let q be r(a). What is the highest common divisor of q and 55?
5
Suppose b - 252 = 2*h, 2*h - 4*b + 252 = b. Let x be (h/15)/(1/20*-1). What is the greatest common factor of x and 42?
42
Suppose -7*w = -3*w + 40. Let p(t) = -2*t - 4. Let d be p(w). Calculate the highest common divisor of 112 and d.
16
Let q(w) = w**3 + 6*w**2 - 9*w - 3. Let x be q(-7). Suppose -x*c = -5*c - 180. What is the greatest common divisor of c and 60?
30
Suppose 11*k - 6308 - 292 = 0. What is the greatest common factor of 5 and k?
5
Let m be 192/42 + -4 - 860/(-14). What is the greatest common divisor of 2294 and m?
62
Suppose -6*x - 25 + 85 = 0. Let n(u) = 2*u**2 - 5*u - 2. Let p be n(6). What is the highest common divisor of x and p?
10
Suppose 0 = -3*q + 5*k + 599, k = -0*q - 3*q + 629. Suppose 4*r - q = -4*f, 4*f - 107 = 2*f - r. Calculate the highest common divisor of f and 22.
11
Suppose -38*s + 154*s = 5104. Suppose -4 = -4*b + 84. Calculate the greatest common divisor of b and s.
22
Suppose -5*i + d + 26 = -i, 5*i = -4*d + 43. Suppose 0 = -i*m + 116 + 192. Calculate the greatest common factor of 396 and m.
44
Let m(t) = 29*t + 3. Let o be m(-2). Let l be (-6)/(-33) + (-100)/o. Let y be 3/6 - l/(-4). Calculate the highest common divisor of y and 3.
1
Suppose l = -3*f - l + 55, 4*f = 4*l + 80. Let j = 23 - f. Suppose -j*p = -2*p - 10. Calculate the greatest common factor of p and 55.
5
Suppose -14*o + 626 = -158. What is the greatest common divisor of 42 and o?
14
Suppose 1694 = 14*u + 8*u. What is the highest common factor of u and 11?
11
Suppose 15 = -0*t - 3*t, -t + 157 = 2*c. What is the highest common factor of c and 216?
27
Let j(z) = z**3 - z**2 - 4*z + 4. Let m be j(2). Suppose m = -4*u + 7 + 25. What is the greatest common divisor of 4 and u?
4
Let t be ((-84)/(-9))/(3/9). Suppose -q + 5 = 0, 2*j + 22 = -5*q + q. Let c = j - -25. Calculate the greatest common factor of c and t.
4
Let j(t) = -9 + 15*t + 2 - 7*t + 0*t. Let d be j(3). Let o be 36 - ((5 - 1) + -2). Calculate the highest common factor of o and d.
17
Let j = 32 - 22. Let i = -16 - -14. Let k be 10*1/i*-1. What is the highest common factor of k and j?
5
Suppose -3*n + 24 = n. Let x(j) = 4*j - 7*j + n*j**2 + 4*j. Let o be x(2). What is the greatest common divisor of o and 78?
26
Let x be (-190)/(21/(-19) - 84/(-798)). Calculate the highest common divisor of 20 and x.
10
Suppose -5*u + 75 = -105. Suppose -30 = 2*h - u. Calculate the highest common divisor of h and 9.
3
Let x(f) = 3*f**3 + 108*f**2 - 114*f - 27. Let w be x(-37). Let u(j) = -12*j. Let i be u(-1). Calculate the highest common factor of i and w.
12
Suppose -j + 6 - 1 = 0. Let n(s) = s**2 - 4*s + 4. Let b be n(j). Let p be (-3)/((-11)/(-198)*-6). Calculate the highest common divisor of p and b.
9
Suppose -2*y = 3*v - 2, -v + 10 = y - 5*y. Let f(o) = 8*o**2 - 2*o - 3. Let x be f(v). What is the highest common factor of x and 275?
25
Let f(o) = -3*o + 22. Let h be f(0). Let c = -87 - -142. What is the greatest common factor of h and c?
11
Let n(j) be the third derivative of j**4/8 - 3*j**3/2 + 12*j**2. Let c be n(7). Suppose 33*g - 34*g = -c. Calculate the greatest common factor of 36 and g.
12
Suppose 1144 = 3*m - m + 2*n, 5*n + 1676 = 3*m. Suppose -3*j = -0*j - m. What is the greatest common divisor of 21 and j?
21
Let o = -12 + 17. Suppose -23 = -2*s + 3*l, 55 = -0*s + 5*s - o*l. Calculate the greatest common factor of 80 and s.
10
Let d = -7 - -10. Let g = 48 + -45. Suppose -2*n + g = -d. Calculate the greatest common divisor of 3 and n.
3
Suppose 96 = 20*w - 17*w. Calculate the highest common divisor of w and 96.
32
Suppose -3*q + 0*q = 2*r + 26, 33 = -3*r - 3*q. Let s be (15/10*-2)/(1/r). Calculate the greatest common factor of s and 3.
3
Suppose -3*a - 6 = -3*r, 0*a - 3*a - 2*r + 14 = 0. Suppose 0 = 8*c - a*c - 234. Calculate the highest common divisor of 429 and c.
39
Let z = -1 + -9. Let n be (z/3)/(4/(-6)). What is the highest common factor of n and 5?
5
Suppose -z + 4*i = 29, z + 3*i - 1 - 5 = 0. Let u be (35 - 15)/((-6)/z). What is the greatest common divisor of 12 and u?
6
Let p = -3 - -10. Let v be 2/(-6) + p/3. Let h = 1243 + -1238. What is the highest common factor of v and h?
1
Suppose 25*m - 2415 = 4*m. Calculate the greatest common divisor of 23 and m.
23
Suppose 6*b = b + 15. Suppose 0 = b*c - 0*c - 24. Let g(d) = d**2 - 7*d - 6. Let k be g(c). Calculate the greatest common factor of 14 and k.
2
Suppose 2*l + 0*l = -4*p + 190, -l - 40 = -p. What is the highest common divisor of p and 165?
15
Suppose -26*k = -24*k - 4*z - 250, z = 4*k - 465. Let r(f) = f**2 - 3*f + 5. Let s be r(6). What is the highest common factor of k and s?
23
Suppose 120 = -5*i + 540. Suppose -4*d = -6*d + i. Let y = d - -49. Calculate the greatest common factor of y and 13.
13
Let o be 2/6*-328*3570/(-280). Calculate the highest common factor of 164 and o.
82
Let x be (-2)/(-3) - 183/(-9). Let q(u) = -2 + 3*u**2 - 3 + u**2 - 3 - 10*u. Let o be q(8). Calculate the highest common factor of x and o.
21
Let z be 32/24*(87 + 3). What is the highest common divisor of 480 and z?
120
Let m be (-1)/(-4 + -1 + 6). Let u be 3 - m - (0 + -22). Calculate the greatest common factor of u and 208.
26
Let a = 3 - 1. Suppose a*i - 54 = c - 1